
Suppose 2013366 = -69*a + 8185761. Is a prime?
False
Let x(f) = 17420*f - 10559. Is x(86) a prime number?
False
Suppose -144*d + 135*d = -90. Is 3594/d + 4/(-10) composite?
False
Let a(f) = -f**2 - 6*f + 17. Let y(o) = -o**2 + 6*o - 8. Let u be y(6). Let n be a(u). Let c(l) = 55*l**2 - 2*l + 2. Is c(n) composite?
True
Let c be 1*(-16 - -9)*1. Let i(x) = -6*x**3 - 4*x**2 + 13*x + 6. Is i(c) a prime number?
True
Suppose -44*p + 760232 + 1540572 = 0. Is p composite?
False
Let g(n) = 13*n**3 - 36*n**2 - 93*n - 59. Is g(28) composite?
False
Suppose 2*j + 4 = 0, 913*j - 918*j - 19582190 = -4*a. Is a a composite number?
True
Let o = 50903 + -28618. Is o a prime number?
False
Let d(o) be the third derivative of 133*o**5/60 + 5*o**4/24 + 2*o**3/3 + 13*o**2. Let y be d(-4). Suppose -5*h + 4*s + y = -215, h = -5*s + 477. Is h composite?
False
Let p(i) = 2933*i**2 + 2. Suppose -4*f + 2 = 2*v, 22*v - 18*v + f - 4 = 0. Is p(v) prime?
False
Let b(j) = -j**3 - 2*j**2 - j. Let i(t) = 3*t**3 + 20*t**2 - 9*t - 25. Let x(c) = 4*b(c) + i(c). Is x(8) a prime number?
True
Suppose -126007 + 49345 = -3*h. Let w = -11591 + h. Is w composite?
False
Suppose 15 = -t + 4*t. Let p be -47 + 49 - (39/12 + 1/(-4)). Is 2 + t/p - -194 a prime number?
True
Let x be 1331/((-12)/18*6/(-4)). Suppose -4*j + 3*f = -x, 5*f - 390 + 63 = -j. Suppose -8*n - j = -1204. Is n prime?
True
Let w = 57 + -52. Let u be (6/w)/(13/14495). Is (u/(-15))/(65/25 + -3) a prime number?
True
Suppose -137*t = -3*h - 142*t + 219872, -3*h + 219816 = -3*t. Is h a composite number?
True
Let o(k) = -26*k**3 + 10*k**2 - 2*k + 1. Suppose -5*y - 24 = c, y - c = -2 - 4. Is o(y) a composite number?
False
Let v(d) = 50*d**3 - 3*d**2 - 3*d - 24. Let u be v(5). Let s = 4265 + u. Is s a prime number?
False
Suppose 2*z - 10 = 0, 0 = 7*y - 6*y - 4*z + 18. Suppose -t = -3, y*w - 7*w = -2*t - 31909. Is w composite?
True
Let i be ((-868)/93)/((-2)/3). Is (3 + -5062)/(7/i*-2) composite?
False
Let f = -368951 + 906498. Is f a composite number?
False
Suppose 0 = 9*l - 6*l + 5*y - 95369, 5*l - 158963 = -y. Is l a prime number?
True
Let c(r) = 2200*r + 1629. Is c(23) a prime number?
False
Let i = -78543 + 130706. Is i a prime number?
True
Let s = 114491 - 50524. Is s a prime number?
False
Suppose -3*y = -2*c + 53357, 0 = 9*y - 7*y + 10. Is c a prime number?
False
Suppose -114549 = -m - w + 116065, -3*m + 691844 = 5*w. Is m composite?
True
Suppose 47*v - 574 = 33*v. Suppose 276776 = v*n - 45402. Is n composite?
True
Suppose 12*j - 1433 - 679 = 0. Let u be ((-5)/(-1)*j/(-20))/(-2). Suppose -19*g + u*g = 3027. Is g composite?
False
Let h(g) be the first derivative of 73*g**2 + 47*g - 34. Let l be h(9). Suppose 2*x - x = l. Is x composite?
False
Let h be (36/3)/((-12)/(-8)). Let a(y) = -8*y**2 + 17*y**2 + 14*y - 6 - h*y**2. Is a(11) prime?
True
Suppose 3*w - 87*z - 661335 = -85*z, -5*w - 5*z = -1102250. Is w a composite number?
False
Suppose -5 = -j - 4*i - 7, -5*j - 2*i + 8 = 0. Suppose j*p + p = 5*p. Suppose p = -2*f - 3*f + 4*m + 4925, 0 = 3*m. Is f a composite number?
True
Let l = 239177 + -124464. Is l a composite number?
False
Let d(m) = -30*m**3 + 0*m + 6*m - 4*m**2 + 54*m**3 + 1. Let f be d(-4). Is (14/42)/((-1)/f) prime?
True
Let v(a) = a**2 - 7*a + 4. Let h be v(5). Suppose 0*c = -4*c + 5*y - 1184, -3*y + 1467 = -5*c. Is (c/h)/(3 + 29/(-10)) composite?
True
Let n be (-12)/(-18) - (-35)/15. Suppose -5*f = n*b - 62599, 3*f + 34039 = 2*b - 7681. Is b composite?
True
Suppose -114*b - 45*b + 28443432 = 73*b. Is b prime?
False
Let k = 8760 + -6821. Is k a composite number?
True
Let z(q) = 2 - 24*q + 2004*q**2 + 47*q - 26*q. Is z(1) a prime number?
True
Suppose m + 2*m = 5*x + 283763, 4*x = -3*m - 227005. Is (135/36)/((-12)/x) composite?
True
Let w = -6795 - -41216. Is w composite?
False
Suppose 11*l = 8*l + 66. Let d = l - 23. Is ((-4)/d - -676) + 3 a composite number?
False
Let i = -78 + 80. Suppose -126 = -3*w + q + 318, -3*w + i*q + 441 = 0. Is w a prime number?
True
Let f = 557 + -477. Suppose 5*n - 14 - 16 = 0. Let j = f + n. Is j a composite number?
True
Let g = -289145 + 672484. Is g a prime number?
False
Let t = -94506 - -148493. Is t a prime number?
True
Let c = -160 + 85. Let q = c + 77. Is 942/14 - ((-64)/(-28) - q) a prime number?
True
Suppose 10*b + 70 = 0, -6*p + 3*p + 27656 = b. Is p prime?
True
Let n be (-11)/176*0*(-1)/(-2). Suppose -68*c + 82*c - 130270 = n. Is c prime?
False
Let o(l) = 86*l**2 + 11*l - 40. Let g = 139 + -134. Is o(g) prime?
False
Let n = -347 - -1075. Let u be (11 - 9)/(2/n). Let x = -315 + u. Is x prime?
False
Suppose -81*j + 8197 = -80*j. Let b = j + -4898. Is b composite?
False
Suppose -r - 385 = 4*r + 2*o, 2*o = r + 89. Let l = 514 - r. Is l prime?
True
Let p(q) = 21*q**3 - 12*q**2 + 8*q + 183. Is p(20) a composite number?
False
Let j(v) = 5*v**3 + v**2 - 6*v - 1. Let r(g) = -4*g**3 - 2*g**2 + 5*g + 2. Let f(x) = -3*j(x) - 4*r(x). Let i be f(-5). Suppose 377 = i*s - 258. Is s composite?
False
Is 19 + 45639 + -4 + 25/(-5) a composite number?
True
Let k = -28 + 30. Suppose z + 0*z = 0. Suppose -k*v - 31 + 465 = z. Is v a prime number?
False
Let i = 14422 - 1907. Is i a prime number?
False
Let t = 176721 + 19376. Is t a prime number?
False
Let h(s) = -23*s**3 - 2*s**2 - s - 19. Let u(l) = -22*l**3 - l**2 - l - 17. Let j(a) = 3*h(a) - 4*u(a). Is j(6) a prime number?
True
Let u = 0 + 0. Let w(r) = 29*r + 235. Let d be w(-7). Is u + 2 + -3 + d a composite number?
False
Let i be (-4 - -4) + 11 + -2 + -1. Suppose i*b = -8*b + 103328. Is b a composite number?
True
Let z(k) = 929*k + 45. Suppose 5*t + c = 15, -2*c = t + 29 - 23. Is z(t) prime?
True
Suppose 4*i + 337 = -463. Let d = 91 - i. Suppose -d = -c + 530. Is c composite?
False
Let j be 400/(-900)*(26/(-4) - -2). Suppose -2*y = j*m - 3*m + 2509, 4*y - 8 = 0. Is m prime?
False
Let n = 2590 + 3212. Suppose -21670 + n = -4*l. Is l prime?
True
Is (3980862/72)/((-9)/(-36)) prime?
True
Let p(b) = 70*b**2 - 15*b - 67. Let r be p(-16). Suppose 16*m + r = 136381. Is m prime?
True
Let t be 1/((-21414)/(-5354) - 4). Let n = t + 4962. Is n prime?
False
Suppose 2*p + 0*p = -3*q + 21, 3*p - 9 = 0. Suppose 2*a - 6*a = 0, a = -q*v + 22185. Is (v/9)/(2/2) a prime number?
False
Let k(f) = -2753*f - 32. Let i(v) = -5507*v - 65. Let w(u) = 4*i(u) - 9*k(u). Let b be w(3). Let y = -4682 + b. Is y composite?
False
Suppose 15*t - 17*t + 4 = 0. Let b(l) = 12*l - 19. Let p be b(t). Suppose -4*x = 3*z + x - 11404, p*z - 18945 = 4*x. Is z prime?
True
Let b(m) = -1002*m - 557. Is b(-42) a composite number?
True
Let o = 275 - -803. Let f = 1664 - o. Is f composite?
True
Suppose -2*m + 28850 = -4*c, -11019 - 17825 = 4*c - 4*m. Let d = 20333 + c. Is d prime?
False
Let a = 3000 + -1913. Is a composite?
False
Suppose -u - 4*y + 45 = 43, -u = 5*y - 3. Is (1 + -33459)/(u*(0 - -1)) prime?
True
Let n be (0/42)/((-3)/1). Suppose n = -24*j + 14*j + 32610. Is j composite?
True
Let s = 23 + -8. Let i = s - -75. Is (-20)/i + 20974/18 composite?
True
Let c(p) = -349*p + 633. Is c(-16) composite?
False
Let t be 200/90 - (-2)/(-9). Let h be 20/(-4) + t - -43. Let f = 537 - h. Is f a composite number?
True
Let c(r) = 1761*r**3 + 5*r - 5. Suppose 4*h = -5*s + 14 - 35, 2*s = 5*h - 15. Is c(h) composite?
True
Let n(u) = 2083*u**3 - u**2 - u + 5. Let w = 53 - 51. Let h be n(w). Suppose -6*i + 3935 + h = 0. Is i a composite number?
False
Suppose 0 = -3*z - 2*r + 96583, 0 = 3*z - 2*r - 60354 - 36245. Is z composite?
True
Suppose 13729 - 793472 = -31*c. Is c a prime number?
True
Let f = 312 + -313. Is 5/((-45)/248769)*f composite?
True
Let v = 134559 - 10906. Is v a composite number?
False
Suppose -2*i - 2*i = -2*c - 20588, 2*c + 25735 = 5*i. Is i a prime number?
True
Suppose 0 = -2*g + 4*b + 3422, 5*g - 966 - 7580 = b. Is g prime?
True
Let j(t) = -t**3 + 18*t**2 + 8*t - 6. Suppose -5*l + 15 = 0, -5*l + 9*l - 80 = -4*f. Is j(f) a composite number?
False
Suppose -7*r = -2*r - 10. Let k(f) = 0*f - 5*f - 6*f**r + 4*f - 7*f**2 - 6 - f**3. Is k(-13) composite?
False
Let j(g) = 25 + 2*g + 22 + 15 + 4*g. Let q be j(-9). Let k(l) = 3*l**3 - 17*l**2 - 9*l + 19. Is k(q) prime?
False
Suppose 0 = -276*w + 13839273 + 13566053 + 23815030. Is w prime?
False
Suppose -3*d + 14 = -7. Suppose 4 = -d*f + 8*f. I